{"id":6196,"date":"2010-06-28T07:02:14","date_gmt":"2010-06-28T05:02:14","guid":{"rendered":"http:\/\/www.sashs-blog.de\/wordpress\/?page_id=6196"},"modified":"2024-02-27T11:38:29","modified_gmt":"2024-02-27T09:38:29","slug":"kontakt","status":"publish","type":"page","link":"https:\/\/www.sashs-blog.de\/wordpress\/kontakt\/","title":{"rendered":"Kontakt"},"content":{"rendered":"<p style=\"text-align: justify;\">Hinter dem ziemlich langweilig anmutenden Pseudonym &#8222;Sash&#8220;, der in all den Artikeln und auf all den Unterseiten mit scheinbar m\u00fcheloser Eleganz muntere Textbeitr\u00e4ge zum Besten gibt, verbirgt sich tats\u00e4chlich ein Mensch. F\u00fcr alle, die mit der Anwesenheit von mir und meiner Meinung auf dieser Website noch nicht ausreichend gesch\u00e4digt wurden, gibt es nat\u00fcrlich noch andere Wege, mich zu erreichen. Im Einzelnen w\u00e4ren das:<\/p>\n<p style=\"text-align: justify;\"><strong>e-Mail<\/strong><br \/>\nNach-, An- und unsinnige Fragen k\u00f6nnen au\u00dfer hier auf der Seite in den Kommentaren auch gerne via Mail an mich gesandt werden. Im Gegensatz zu den Kommentaren kann eine Antwort hier allerdings mal eine Weile auf sich warten lassen, da die Mails nach ihrem Umweg \u00fcber amerikanische Spionage-Server erstmal ausgefiltert, durchleuchtet, probegelesen, markiert, auf die Liste gesetzt und dann&#8230; also gut, ich checke meine Mails sehr unregelm\u00e4\u00dfig!<\/p>\n<p style=\"text-align: justify;\">Adresse: sascha.bors[komisches\u00c4TTzeichen]googlemail.com<\/p>\n<p style=\"text-align: justify;\"><strong>Die Post<\/strong><br \/>\nDieser niedliche, ehemals staatliche Logistikkonzern, der offenbar Patentrechte am h\u00e4sslichsten Gelb Deutschlands hat, hat sich darauf spezialisiert, E-Mails analog in ausgedruckter Form zu versenden. Geht wahrscheinlich auf eine Initiative von CDU-Politikern zur\u00fcck. Mittels Stift und Papier (ihr kennt das aus Pen&amp;Paper-RPG&#8217;s) k\u00f6nnen so umfangreiche Nachrichten (gerne mit Beilagen wie Unterlassungserkl\u00e4rungen, handgemalten Comics oder Nacktfotos) an mich \u00fcbermittelt werden. Der Code, der auf den sogenannten Briefen oder P\u00e4ckchen (die Namen habe ich mir nicht ausgedacht!) angegeben werden muss, und im Fachjargon &#8222;Postadresse&#8220; genannt wird, lautet wie folgt:<\/p>\n<p style=\"text-align: justify;\">Sascha Bors<br \/>\nMainzer Stra\u00dfe 42a<br \/>\n55411 Bingen am Rhein<\/p>\n<p style=\"text-align: justify;\">Das klingt zwar zun\u00e4chst diffus, aber die haben ihre Interpreter f\u00fcr dieses System, also keine Sorge: Das kommt an!<\/p>\n<p style=\"text-align: justify;\">Ich m\u00f6chte aber ganz klar sagen, dass mir ein Kontakt \u00fcber den Blog am liebsten w\u00e4re, da ich diese Seite im Grunde \u00f6fter im Blick habe als e-Mails, Post oder Handy. Klingt komisch, ist aber so.<\/p>\n","protected":false},"excerpt":{"rendered":"<p>Hinter dem ziemlich langweilig anmutenden Pseudonym &#8222;Sash&#8220;, der in all den Artikeln und auf all den Unterseiten mit scheinbar m\u00fcheloser Eleganz muntere Textbeitr\u00e4ge zum Besten gibt, verbirgt sich tats\u00e4chlich ein Mensch. F\u00fcr alle, die mit der Anwesenheit von mir und &hellip; <a href=\"https:\/\/www.sashs-blog.de\/wordpress\/kontakt\/\">Continue reading <span class=\"meta-nav\">&rarr;<\/span><\/a><\/p>\n","protected":false},"author":1,"featured_media":0,"parent":0,"menu_order":0,"comment_status":"closed","ping_status":"open","template":"","meta":{"_editorskit_title_hidden":false,"_editorskit_reading_time":0,"_editorskit_is_block_options_detached":false,"_editorskit_block_options_position":"{}","footnotes":""},"class_list":["post-6196","page","type-page","status-publish","hentry"],"_links":{"self":[{"href":"https:\/\/www.sashs-blog.de\/wordpress\/wp-json\/wp\/v2\/pages\/6196","targetHints":{"allow":["GET"]}}],"collection":[{"href":"https:\/\/www.sashs-blog.de\/wordpress\/wp-json\/wp\/v2\/pages"}],"about":[{"href":"https:\/\/www.sashs-blog.de\/wordpress\/wp-json\/wp\/v2\/types\/page"}],"author":[{"embeddable":true,"href":"https:\/\/www.sashs-blog.de\/wordpress\/wp-json\/wp\/v2\/users\/1"}],"replies":[{"embeddable":true,"href":"https:\/\/www.sashs-blog.de\/wordpress\/wp-json\/wp\/v2\/comments?post=6196"}],"version-history":[{"count":12,"href":"https:\/\/www.sashs-blog.de\/wordpress\/wp-json\/wp\/v2\/pages\/6196\/revisions"}],"predecessor-version":[{"id":23160,"href":"https:\/\/www.sashs-blog.de\/wordpress\/wp-json\/wp\/v2\/pages\/6196\/revisions\/23160"}],"wp:attachment":[{"href":"https:\/\/www.sashs-blog.de\/wordpress\/wp-json\/wp\/v2\/media?parent=6196"}],"curies":[{"name":"wp","href":"https:\/\/api.w.org\/{rel}","templated":true}]}}